0. What is g(123)?
-94
Let q(u) = -21*u**2 - 961*u - 146. Determine q(-46).
-376
Let v(l) = -16418*l - 98449. What is v(-6)?
59
Let b(a) = a**2 - 1018*a + 244698. Determine b(389).
17
Let o(h) = h**2 + 335*h + 19700. Calculate o(-259).
16
Let v(j) = -54969*j - 604665. Determine v(-11).
-6
Let w(h) = 2942*h + 21600. What is w(-7)?
1006
Let b(f) = -8*f**3 + 685*f**2 + 258*f + 242. What is b(86)?
242
Let c(g) = 12*g**2 - 631*g + 302. Determine c(52).
-62
Let a(g) = -1426*g - 35624. What is a(-25)?
26
Let p(y) = -272*y + 1348. Calculate p(6).
-284
Let q(r) = 2*r**3 + 202*r**2 + 400*r + 251. Determine q(-99).
-145
Let s(j) = -j**3 + 89*j**2 + 443*j - 124. Calculate s(-5).
11
Let n(i) = i**2 + 910*i - 55101. Calculate n(57).
18
Let s(i) = i**3 + 659*i**2 - 2082*i - 63540. Calculate s(-662).
12
Let h(f) = -7*f**2 + 3552*f - 5055. Determine h(506).
5
Let a(k) = 65*k**3 + 3*k**2 - 29*k - 79. Give a(-3).
-1720
Let n(w) = -30*w**2 - 150*w + 584. What is n(4)?
-496
Let k(q) = 687*q**3 - 4124*q**2 - 2*q + 91. Calculate k(6).
7
Let f(g) = -10*g**3 - 688*g**2 + 870*g + 2096. Give f(-70).
-4
Let r(x) = 3*x**2 - 634*x + 17659. Calculate r(33).
4
Let g(f) = -21957*f + 21855. Give g(1).
-102
Let z(m) = m**2 - 49*m + 398. Determine z(16).
-130
Let l(s) = s**3 - 16*s**2 - 56*s + 291. Calculate l(23).
2706
Let m(b) = -5*b**2 - 1956*b - 8125. Calculate m(-387).
2
Let v(a) = -74*a**2 - 6448*a - 869. Determine v(-87).
1
Let j(x) = 2*x**3 + 50*x**2 + 87*x + 298. What is j(-23)?
413
Let q(m) = -m**3 - 568*m**2 + 6378*m + 5233. Determine q(-579).
22
Let r(n) = 2*n**3 + 31*n**2 + 132*n - 185. Calculate r(-8).
-281
Let p(q) = -q**3 - 111*q**2 - 2541*q - 821. Calculate p(-79).
206
Let d(b) = 29*b**2 - 13183*b - 5448. Calculate d(455).
12
Let s(f) = -2634*f - 908352. Determine s(-345).
378
Let j(l) = 3*l**2 + 565*l - 1065. What is j(-188)?
-1253
Let m(c) = -c**3 - 79*c**2 - 196*c - 42. What is m(-76)?
-2474
Let i(j) = j**2 + 3*j - 475426. Determine i(688).
-18
Let c(t) = -87*t**2 + 317*t - 272. Determine c(2).
14
Let z(u) = -935*u - 2280. Give z(-2).
-410
Let j(f) = 8*f**2 + 338*f - 1905. What is j(5)?
-15
Let h(j) = -57002*j + 1026039. Give h(18).
3
Let j(t) = -356*t**2 - 114*t - 118. What is j(-1)?
-360
Let g(d) = 2*d**3 - 863*d**2 - 102*d + 229706. Give g(431).
-17
Let g(n) = 44*n**2 - 1452*n + 215. Give g(33).
215
Let m(n) = 478*n - 32946. What is m(69)?
36
Let i(j) = -4*j**3 + 124*j**2 + 322*j - 172. Calculate i(-3).
86
Let y(h) = -13*h**3 - 192*h**2 + 77*h + 490. Give y(-15).
10
Let v(t) = -247*t + 85244. Give v(332).
3240
Let p(v) = 2*v**3 + 542*v**2 - 1101*v - 1918. Give p(-273).
539
Let b(i) = -1278*i - 62828. Calculate b(-49).
-206
Let g(r) = -32*r**2 - 44*r + 89. Determine g(2).
-127
Let z(h) = -715*h**2 - 24310*h - 28. Calculate z(-34).
-28
Let w(y) = -y**2 - 692097*y + 2768401. Determine w(4).
-3
Let k(s) = -136*s + 1272. Give k(11).
-224
Let a(q) = 2*q**3 + 270*q**2 - 306*q - 4615. Calculate a(-136).
9
Let c(v) = v**3 + 368*v**2 + 32179*v + 829. Calculate c(-225).
-71
Let p(q) = -12*q**2 + 522*q - 1467. Calculate p(3).
-9
Let c(v) = v**3 - v**2 - 84*v - 541. Give c(-7).
-345
Let r(t) = 82*t**2 + 1876*t - 100. What is r(-23)?
130
Let v(t) = t**2 + 46*t - 1437. Give v(-62).
-445
Let w(a) = -93*a**2 - 833*a + 28. Give w(-8).
740
Let b(j) = j**3 - 140*j**2 + 2227*j - 31. What is b(18)?
527
Let m(w) = w**3 - 266*w**2 + 467*w + 16117. What is m(264)?
13
Let u(r) = -r**2 + 1223*r - 59777. Determine u(51).
-5
Let x(j) = -2*j**3 - 22*j**2 + 21*j + 604. Calculate x(-6).
118
Let z(t) = -13998*t - 55998. Give z(-4).
-6
Let u(v) = -v**2 - 816*v - 8927. Determine u(-805).
-72
Let o(h) = h**3 + 264*h**2 + 16994*h + 1207. Give o(-111).
-14
Let r(k) = 17855*k + 464245. What is r(-26)?
15
Let i(x) = 114*x**2 + 10012*x - 10010. What is i(1)?
116
Let w(o) = -4*o**2 - 9175*o - 54954. Determine w(-6).
-48
Let q(j) = -j**3 + 40*j**2 + 2158*j + 3128. What is q(71)?
75
Let h(u) = 11*u**2 + 95*u - 500. Give h(-12).
-56
Let f(u) = -24*u**2 - 8179*u + 1877. What is f(-341)?
172
Let u(t) = 47*t**2 + 441*t + 584. What is u(-8)?
64
Let n(v) = 54*v**2 + 620*v + 700. Calculate n(-10).
-100
Let n(i) = -22*i**2 - 220*i + 304. Determine n(-11).
62
Let f(v) = -1907*v + 76446. What is f(40)?
166
Let h(k) = 709*k**2 - 1422*k - 20. Calculate h(2).
-28
Let q(w) = -27366*w + 137075. What is q(5)?
245
Let l(r) = 735*r + 12060. Give l(-16).
300
Let b(k) = -3*k**2 - 4544*k - 80838. Give b(-18).
-18
Let q(g) = 4611*g + 3573467. Give q(-775).
-58
Let p(s) = 379*s + 49846. Determine p(-132).
-182
Let c(t) = t**3 - 30*t**2 - 53*t - 90. What is c(32)?
262
Let l(w) = -253*w + 4441. Calculate l(16).
393
Let i(x) = 63*x**2 + 471*x - 3505. Give i(-12).
-85
Let s(a) = -a**3 + 31*a**2 - 162*a + 111. Determine s(25).
-189
Let n(b) = 3*b**2 + 21735*b - 195947. Calculate n(9).
-89
Let a(l) = 36426*l + 582799. Give a(-16).
-17
Let q(r) = r**3 + 32*r**2 + 154*r - 830. Give q(-11).
17
Let k(g) = -5*g**2 + 2701*g - 24615. What is k(531)?
-189
Let t(r) = 52667*r - 1737792. What is t(33)?
219
Let d(x) = 18032*x - 1478614. Give d(82).
10
Let f(s) = 3237*s - 288098. Give f(89).
-5
Let q(w) = -5*w**2 + 1880*w + 13365. What is q(-7)?
-40
Let u(b) = -b**2 + 811131*b + 11. Give u(0).
11
Let q(n) = n**3 - 321*n**2 + 11240*n + 279. Determine q(40).
279
Let g(b) = b**3 - 217*b**2 - 881*b - 661. What is g(221)?
2
Let p(f) = 4*f**3 + 52*f**2 - 53*f + 74. What is p(-15)?
-931
Let w(x) = 43*x + 1412. Give w(-39).
-265
Let y(k) = 72052*k + 1152950. Give y(-16).
118
Let j(b) = -b**2 - 3997*b + 243421. Determine j(60).
1
Let b(k) = 55063*k + 13820833. Give b(-251).
20
Let k(t) = -96*t**2 + 2221*t - 2223. Give k(1).
-98
Let b(y) = -121376*y - 4126784. What is b(-34)?
0
Let y(b) = -7618*b + 259027. Give y(34).
15
Let j(o) = 26*o**3 + 1511*o**2 + 844*o + 38860. What is j(-58)?
0
Let s(x) = -23080*x + 3438883. Determine s(149).
-37
Let v(b) = -1071*b + 36793. Calculate v(35).
-692
Let i(q) = 2*q**2 + 360*q + 14148. What is i(-122)?
-4
Let c(m) = -2*m**3 - 108*m**2 - 1018*m + 7517. Calculate c(-38).
-7
Let f(l) = 46*l**2 + 71657*l - 304581. Calculate f(-1562).
9
Let m(j) = -3*j**2 - 343*j + 19498. Determine m(-156).
-2
Let b(r) = 74*r**3 - 811*r**2 - 104*r + 764. Determine b(11).
-17
Let m(z) = -4815*z + 52966. What is m(11)?
1
Let p(a) = 6*a**3 - 337*a**2 - 960*a - 2541. Give p(59).
-4
Let z(p) = -p**3 - 239*p**2 - 461*p + 2710. Determine z(-237).
-371
Let m(h) = -3*h**2 - 214*h - 190. What is m(-70)?
90
Let a(g) = 498*g**2 + 6486*g - 14768. Calculate a(-15).
-8
Let z(n) = -14*n**2 - 103*n - 814. What is z(-7)?
-779
Let r(t) = 4536*t - 9013. What is r(2)?
59
Let c(o) = 351*o + 50573. What is c(-144)?
29
Let l(s) = 52373*s + 15711911. Determine l(-300).
11
Let g(w) = 29*w**2 - 8702*w - 394482. Give g(-40).
-2
Let x(r) = 583*r + 69963. What is x(-120)?
3
Let s(c) = 9680*c - 493692. Determine s(51).
-12
Let a(s) = -32*s**2 + 5804*s - 2438. What is a(181)?
-266
Let b(w) = 2*w**2 - 603*w + 9359. Calculate b(283).
-1112
Let x(l) = 313*l - 26180. Give x(78).
-1766
Let c(q) = 288417*q + 76. Determine c(0).
76
Let w(f) = 3*f**2 + 513*f - 11464. Give w(20).
-4
Let y(v) = v**3 + 122*v**2 + 2816*v + 394. Determine y(-32).
2442
Let z(o) = -o**2 + 88*o + 3018. What is z(-29)?
-375
Let s(h) = -155*h**2 + 1917*h - 665. Calculate s(12).
19
Let g(b) = b**3 + 425*b**2 - 1123*b + 68905. Give g(-428).
-3
Let u(l) = -2*l**3 - 312*l**2 - 303*l + 1096. What is u(-155)?
11
Let j(z) = -11050*z + 44082. Calculate j(4).
-118
Let w(q) = -45*q + 528. Calculate w(21).
-417
Let v(a) = -4741*a + 14126. Calculate v(3).
-97
Let g(o) = -42*o**2 - 1079*o + 26. Calculate g(-27).
-1459
Let j(q) = -1321*q + 36350. Determine j(23).
5967
Let z(w) = w**2 + 569*w + 4138. Calculate z(-561).
-350
Let h(x) = x**3 + 116*x**2 - 521*x - 33965. Give h(-118).
-335
Let n(i) = -91*i - 237. Determine n(4).
-601
Let j(d) = -154113*d + 2311453. Calculate j(15).
-242
Let v(q) = q**2 + 2470*q + 89931. Determine v(-37).
-90
Let p(u) = 8735*u - 69883. Calculate p(8).
-3
Let a(o) = -2*o**2 + 165*o - 3029. Calculate a(55).
-4
Let a(r) = 5*r**3 + r**2 - 9287*r + 9286. Determine a(1).
5
Let o(l) = -3850*l - 408068. Give o(-106).
32
Let h(a) = -11372*a + 363898. Calculate h(32).
-6
Let v(c) = -c**2 - 26*